*2 + 39*j - 14. Is m(7) prime?
False
Suppose 3*w = 7*w - 19804. Suppose 0 = -m + w - 648. Is m composite?
True
Let a(k) = k**3 + 3*k**2 - 10*k + 4. Let y be a(-5). Let j be y/(-3) + 0 + (-148)/222. Is 2*j/(-22) - 58491/(-99) prime?
False
Suppose 0 = -3*u + 2*v + 15, -10 = -3*u + 5*v - 4. Suppose 0 = u*n + 6065 - 16138. Let i = n - 576. Is i composite?
False
Let z = 131021 - 45436. Is z prime?
False
Let n = 1005360 - 315779. Is n a prime number?
True
Suppose 4*g - 3*h - 37219 = 0, -21*g - 18607 = -23*g + h. Is g composite?
True
Suppose -2*q - 4*s + 3714 + 6840 = 0, 14*s - 10594 = -2*q. Is q prime?
False
Is 101162*1/14*7 a prime number?
True
Suppose 5*z + 2177 = -4323. Let j = 5013 + z. Is j a composite number?
True
Let v(d) = -323*d**2 + 14*d + 37. Let z be v(-3). Let g = -763 - z. Is g a prime number?
False
Suppose 2761*w = 2759*w + 10, w = -a + 728338. Is a prime?
True
Let o(z) = 3*z**3 + 5*z**2 - 106*z - 119. Is o(33) prime?
True
Let a = -75 - -75. Suppose a = -5*x + 28277 + 49858. Is x a composite number?
True
Suppose 16*f - 6*f + 6*f - 6217616 = 0. Is f a composite number?
True
Let j be 28/(-2 - 5) - -6. Suppose 4*t = 4*k - 7*k + 5438, -4*t + j*k + 5448 = 0. Is t composite?
False
Let w(s) = 1794*s**2 - 20. Let i(f) = 897*f**2 - 10. Let a(n) = -7*i(n) + 4*w(n). Is a(-3) composite?
True
Let g(n) = 76*n**2 - 4*n - 13. Let y(r) = r**2 + 25*r - 146. Let b be y(-30). Is g(b) a composite number?
False
Let f be 10/(-70) + 842*(-129)/(-42). Let y = 5347 - f. Is y a composite number?
True
Let a(o) = 8503*o - 470. Is a(7) composite?
False
Let p(y) = -y**3 - 5*y**2 - 4*y - 10. Let f be p(-5). Suppose -f*n + 12333 + 3637 = 0. Is n a prime number?
True
Suppose 20 = -5*j, -5*z + 4*j = 37 - 3. Is 5/z*8705*8/(-10) a prime number?
False
Is (-1487598)/21*((-6)/9)/(8/6) composite?
False
Let x = -4 + -28. Let c be (x/12 - -3)/(2/66). Is 9/(297/(-6)) + 2103/c a prime number?
True
Let x = -14526 - -29785. Is x composite?
False
Suppose 7*g = -g - 11*g + 10352587. Is g a prime number?
False
Suppose 0 = 999*k - 986*k - 447473. Is k prime?
True
Suppose 66 = -34*f + 202. Suppose -f*g + 21965 = g. Is g prime?
False
Let v(u) = 0 + 3*u - 1 + 2*u**2 + 8. Suppose -14*d + 52 = -116. Is v(d) prime?
True
Is -9 - ((-1)/2)/((-208)/(-56995328)) prime?
True
Suppose 0 = -4*c + j + 1, -2*c - 8 + 6 = 2*j. Suppose -z + 476 + 173 = c. Is z composite?
True
Suppose 13*o - 15*o + 32351 = 5*b, -15 = -5*o. Is b composite?
False
Let y = 180354 + -98773. Is y a composite number?
True
Let u(j) = 2*j**2 - 79*j + 54*j - j**3 + 12*j**2 + 19. Let p be u(12). Suppose 2*v + p*v = 1818. Is v a prime number?
False
Suppose -2 = -2*c + 10. Is (c/(-2))/(-2*3/3714) prime?
False
Let v(g) = -g**3 - 100*g**2 - 1086*g + 47. Is v(-106) a prime number?
True
Let f = 3447 + -929. Suppose 0 = 22*k - 24*k + f. Is k prime?
True
Is 13/(65/39967) + (-6)/15 composite?
False
Suppose -2*h + 6*h = 112. Let t = -25 + h. Suppose 0 = -t*u + 2*p + 2657, 4*u + 3*p - 3581 = -2*p. Is u a composite number?
True
Let l be (-10)/(-1 + -1) - 4*5/20. Let d = -23 - -45. Suppose 2*p - 51 = 5*x, 3*x = p + l*x - d. Is p a composite number?
False
Suppose -146514 = -124*w - 21*w + 403471. Is w a composite number?
False
Suppose h + 3*h - 4*l - 48 = 0, 0 = 4*h + l - 48. Suppose 0 = -26*g + 41*g - 26955. Is h/42 + 0 + g/7 prime?
True
Let x(m) = 12*m + 110. Let d be x(-9). Suppose -4*f - d*v = -112452, 27341 = 5*f + 2*v - 113226. Is f prime?
False
Suppose -6*v = 296 - 308. Suppose 2*l - 1173 = -3*i + 4027, -3*l + 7813 = -v*i. Is l composite?
True
Let q be 2 - (5/5)/1. Let s be (3/3 - -2)*q. Suppose 5*u - 285 = 5*m, -5*u - m = -s*m - 288. Is u prime?
False
Let t be -3 - ((-36)/(-198) + (-541)/11). Suppose 45*s - t*s + 2573 = 0. Is s composite?
True
Suppose -4*x = 4*s - 66488, -s + 3*x + 8394 = -8216. Is s prime?
True
Let n be (-63)/49 - ((-6)/21)/1. Is n*(-2 - -2 - 11621) prime?
True
Let s = 5091 - -16174. Let c = s - 10811. Is c prime?
False
Is 31267797/66 - (-24)/(-16) prime?
False
Let d be 15*(2/(-6))/(2/(-4)). Suppose -d*w + 59 = 19. Suppose s = -3*s + 16, w*a = -3*s + 3472. Is a composite?
True
Let o(l) = 7*l**3 + 2*l**2 - 22*l - 6. Is o(7) a prime number?
True
Suppose -128480702 = -136*o - 22*o. Is o a composite number?
True
Suppose 9 = 3*h, 3*s + 0*s + 5*h = 246. Let t = -63 + s. Is ((-4)/t + (-5188)/(-28))/1 prime?
False
Let k = 920 - -3433. Suppose -3*l - 2*v + 3256 = 0, l + 5*v = -3*l + k. Is l prime?
False
Suppose -2*u + m = -7589 - 1999, 3*m + 19176 = 4*u. Let j = u - 2833. Is j a composite number?
True
Is ((-5867996)/6)/(624/(-936)) a prime number?
True
Let w = 804 + 1342. Suppose 0 = -5*o - 2*q + 5041 + w, -3*q + 5744 = 4*o. Is o a composite number?
False
Let p be (-21)/(-84) + (-54)/(-8). Is p - (16/2 - 2207) composite?
True
Let l(r) = -3*r**2 + 2*r + 11. Let n(x) = -x**2 + 1. Let u(k) = l(k) - 2*n(k). Let q be u(8). Let s = q + 77. Is s composite?
True
Let w(q) = 17799*q + 1255. Is w(4) composite?
True
Let f = -304 - -545. Let a = f + -51. Let t = a + 189. Is t a prime number?
True
Let q = 190229 - 108886. Is q prime?
True
Let f = 71560 - 50447. Suppose -21*y + 22*y - h = 10564, -2*y - h = -f. Is y a composite number?
False
Let w = 44928 - -28331. Is w a composite number?
False
Is 2 - -94457 - 30/((-30)/10) composite?
True
Is -9 + 9/18*165292 prime?
False
Let n be (-5)/(330/12) + (-640)/(-11). Suppose -147564 = 46*t - n*t. Is t prime?
False
Suppose -5*n + 90 = 80. Suppose n*j = -2*r + 1336, -395 = -2*r + 5*j + 976. Is r a prime number?
True
Suppose 49*n - 46*n = 3. Suppose 5*x - 4*x = 0. Is (-2 + 3)/(x - n) - -140 prime?
True
Let z(w) = 54*w**3 + 4*w**2 + w - 37. Suppose -28 + 232 = 34*c. Is z(c) a prime number?
True
Suppose -16*h = -5*h - 44. Suppose 6 = -3*q, 4*i + h*q = -i + 46187. Is i a prime number?
True
Suppose -3*x - 2*x = b - 5489, 2*b = -2*x + 2202. Let y = x - 602. Let g = y - 137. Is g a prime number?
False
Suppose 643270 = 5*l + 3*a, 0 = -13*l + 10*l - 5*a + 385946. Is l prime?
True
Suppose r = -4*r + 5. Let u be (-8)/(-20)*5/1. Is u/(-11) + ((-30148)/(-44))/r composite?
True
Let w(o) = o**2 - 9*o - 46. Let b be w(13). Suppose 0 = -2*m - b*m + 6544. Is m prime?
False
Suppose 30*u - 33*u - 479862 = -3*s, 159926 = s + 3*u. Is s composite?
True
Suppose 17*r - 144 = 196. Is 41/(657/1113 + r/(-35)) composite?
True
Suppose -15*d + 25*d + 14929690 = 20*d. Is d prime?
True
Let b(r) = r + 12. Let y be b(-11). Let n(w) = 1160*w**3 + w**2 - w - 1. Is n(y) a composite number?
True
Let i = -66 + 70. Suppose 4*w = -5*c + 56431, -2*c + 22570 = -0*c + i*w. Is c a prime number?
True
Let h(z) = 110885*z + 144. Is h(1) a prime number?
True
Let z be -6 + (20 + -2)*6/9. Is 9966 - 1 - (z + -2) a prime number?
False
Let z(j) = -9*j - 10*j - 6 + 7*j - 16*j. Let o be z(-2). Is 4/20 - (-5)/(o/6848) composite?
True
Suppose -118*p + 2699927 + 296211 = 0. Is p a composite number?
False
Suppose -3*j + 308291 = -2*h, -202*h - 205510 = -2*j - 205*h. Is j a prime number?
True
Let b = -194 + 192. Is (-221008)/(-266) + b/(-14) a prime number?
False
Suppose -196*f + 188*f = -8. Is (-6)/f + (-97173)/(-27) a prime number?
True
Let m(j) = 13*j**2 - 4*j + 11. Let w be m(-5). Suppose w = 21*n + 125. Is n/(77/6852) + (-2)/(-14) composite?
True
Suppose t - 4 + 12 = -2*a, -2*t = -3*a - 19. Suppose 0*q - 4*q = -5*l - 13, -t*l = 2. Is (3 - q)/((-10)/(-970)) a composite number?
False
Let z be (0/4 - -2) + 42877. Suppose 0 = -5*y, 4*s + 7627 - z = -3*y. Is s a prime number?
False
Let u(v) = -2076*v - 74. Let a be u(-2). Let x = a - -1701. Is x prime?
True
Let f = 633 + -795. Is -8 - f/21 - 197941/(-7) composite?
False
Suppose -4*g - 2*a = 3*a - 8231, -a - 1 = 0. Suppose 4*p - 4*u + 845 = 4981, -2*p - u = -g. Let c = p + 140. Is c a composite number?
False
Suppose 0 = 3*c - 12, 3*c - 12 = -3*k - 2*k. Suppose k = 79*i - 80*i + 5045. Is i prime?
False
Let x = 22849 - 9270. Is x a prime number?
False
Suppose -35 = 5*k - 20, 0 = 3*f - k - 2613426. Is f a composite number?
True
Let r(u) be the second derivative of u**3/2 - 13*u**2 - 33*u. Let h(d) = 9*d - 79. Let z(t) = -6*h(t) + 17*r(t). Is z(-11) a composite number?
True
Let l = 774 - 771. Suppose -3*z - 2228 = l*n - 25061, 3*z = -6. Is n prime?
False
Suppose 0 = -41*s + 45*s - 16. Is (-16)/(-36)*15/s*381 compo